{"id":15848,"date":"2023-06-18T10:11:35","date_gmt":"2023-06-18T13:11:35","guid":{"rendered":"https:\/\/dalautopecas.com.br\/?post_type=product&#038;p=15848"},"modified":"2025-07-07T13:15:41","modified_gmt":"2025-07-07T16:15:41","slug":"junta-fixa-njh25-129a","status":"publish","type":"product","link":"https:\/\/dalautopecas.com.br\/index.php\/produto\/junta-fixa-njh25-129a\/","title":{"rendered":"JUNTA HOMOCIN\u00c9TICA RODA &#8211; GOL\/SAVEIRO\/ROYALE\/&#8230; &#8211; VW\/FORD &#8211; COFAP &#8211; JHC04119"},"content":{"rendered":"<h3>APLICA\u00c7\u00c3O:<\/h3>\n<h3>VOLKSWAGEM<\/h3>\n<h5>FOX 1.0 &#8211; 04\/09<\/h5>\n<h5>CARAT 1.8 &#8211; 87\/97<\/h5>\n<h5>GOL 1.8 &#8211; 82\/94<\/h5>\n<h5>GOL 1.6 &#8211; 86\/94<\/h5>\n<h5>GOL 2.0 -88\/94<\/h5>\n<h5>PARATI 1.8 &#8211; 82\/95<\/h5>\n<h5>PARATI 1.6 &#8211; 86\/96<\/h5>\n<h5>PARATI 2.0 &#8211; 88\/95<\/h5>\n<h5>PASSAT 1.6\/1.8 &#8211; 87\/88<\/h5>\n<h5>QUANTUM 1.8\/2.0 &#8211; 86\/92<\/h5>\n<h5>SANTANA 1.8\/2.0 &#8211; 84\/92<\/h5>\n<h5>SAVEIRO 1.6 AE &#8211; 87\/95<\/h5>\n<h5>SAVEIRO 1.8 AP\/ 2.0 &#8211; 89\/95<\/h5>\n<h5>VOYAGE 1.6\/1.8 &#8211; 87\/96<\/h5>\n<p>&nbsp;<\/p>\n<h3>FORD<\/h3>\n<h5>VERSAILLES 1.8\/2.0 &#8211; 91\/92<\/h5>\n<h5>ROYALE 1.8\/2.0 &#8211; 1992<\/h5>\n<p>&nbsp;<\/p>\n<p>&nbsp;<\/p>\n<h4><strong>MEDIDA:<\/strong><\/h4>\n<p><strong>INTERNO: 25MM\u00a0 \u2013 \u00c1RVORE:24MM\u00a0\u00a0<\/strong><\/p>\n<p><strong>ROSCA: 20MM\u00a0 \u2013 DENTES: 30<\/strong><\/p>\n<p>&nbsp;<\/p>\n<p><strong>OBSERVA\u00c7\u00c3O: SEM FREIO ABS E TRANMISS\u00c3O MANUAL<\/strong><\/p>\n<h4>O MESMO QUE NAKATA &#8211; NJH25129A<\/h4>\n","protected":false},"excerpt":{"rendered":"<p>APLICA\u00c7\u00c3O: VOLKSWAGEM FOX 1.0 &#8211; 04\/09 CARAT 1.8 &#8211; 87\/97 GOL 1.8 &#8211; 82\/94 GOL 1.6 &#8211; 86\/94 GOL 2.0<\/p>\n","protected":false},"featured_media":23843,"comment_status":"open","ping_status":"closed","template":"","meta":{"content-type":"","jetpack_publicize_message":"","jetpack_is_tweetstorm":false,"jetpack_publicize_feature_enabled":true,"jetpack_social_post_already_shared":false,"jetpack_social_options":{"image_generator_settings":{"template":"highway","enabled":false}}},"product_cat":[109,53],"product_tag":[],"jetpack_publicize_connections":[],"_links":{"self":[{"href":"https:\/\/dalautopecas.com.br\/index.php\/wp-json\/wp\/v2\/product\/15848"}],"collection":[{"href":"https:\/\/dalautopecas.com.br\/index.php\/wp-json\/wp\/v2\/product"}],"about":[{"href":"https:\/\/dalautopecas.com.br\/index.php\/wp-json\/wp\/v2\/types\/product"}],"replies":[{"embeddable":true,"href":"https:\/\/dalautopecas.com.br\/index.php\/wp-json\/wp\/v2\/comments?post=15848"}],"version-history":[{"count":7,"href":"https:\/\/dalautopecas.com.br\/index.php\/wp-json\/wp\/v2\/product\/15848\/revisions"}],"predecessor-version":[{"id":23844,"href":"https:\/\/dalautopecas.com.br\/index.php\/wp-json\/wp\/v2\/product\/15848\/revisions\/23844"}],"wp:featuredmedia":[{"embeddable":true,"href":"https:\/\/dalautopecas.com.br\/index.php\/wp-json\/wp\/v2\/media\/23843"}],"wp:attachment":[{"href":"https:\/\/dalautopecas.com.br\/index.php\/wp-json\/wp\/v2\/media?parent=15848"}],"wp:term":[{"taxonomy":"product_cat","embeddable":true,"href":"https:\/\/dalautopecas.com.br\/index.php\/wp-json\/wp\/v2\/product_cat?post=15848"},{"taxonomy":"product_tag","embeddable":true,"href":"https:\/\/dalautopecas.com.br\/index.php\/wp-json\/wp\/v2\/product_tag?post=15848"}],"curies":[{"name":"wp","href":"https:\/\/api.w.org\/{rel}","templated":true}]}}